Evaluate -21 + 10 + (-2 - -8).
-5
What is the value of 53 + -46 + (-2 - 5)?
0
Calculate -7 + (5 - 1) + 0.
-3
What is 0 + 2 + (3 - (3 - -3))?
-1
Evaluate 3 - (-1 + 4 - -3 - 2).
-1
What is the value of (-1 + -1 - 0) + (1 - -3)?
2
-10 - -12 - (3 + (3 - 5))
1
Calculate -1 - (-2 - (-4 + -1) - 0).
-4
Evaluate -6 + 1 - (30 - 37).
2
What is (-8 - -4) + (-3 - -12)?
5
(8 - (6 - (-4 - -7))) + -3
2
What is (-15 - -20) + -4 + 4 + -3?
2
What is -2 + 13 + -12 - -8?
7
What is 62 + -68 - (0 - (2 + -1))?
-5
What is 3 + (0 - -3) + -5 + 3?
4
What is the value of 2 + 4 + (13 - 19)?
0
What is the value of -1 + -2 + (-3 + 3 - -2)?
-1
What is the value of 4 + -3 + -4 + 7?
4
Evaluate (-5 + 12 - 6) + 4 + -1.
4
Calculate 55 + -63 - (-8 + 1).
-1
What is the value of 4 - -2 - (5 + 3)?
-2
-2 - 0 - -6 - 8
-4
Calculate 6 + (-3 - 8) - 0.
-5
What is (1 - 1) + 23 + -23?
0
Calculate -3 + 0 + 11 + -8.
0
Calculate 4 + -9 + 0 + 5.
0
(2 + 1 - 0) + -1 + -2
0
Evaluate 4 + 0 + -4 + -6.
-6
What is -4 - (-3 + 4 + -9)?
4
What is 6 + 1 + -25 + -13 + 35?
4
Calculate 5 - (3 - (-1 - 9) - 4).
-4
4 - 3 - (-3 + 7)
-3
What is (-7 - (0 - (-1 + 4))) + -1?
-5
Calculate -2 - (5 + 4 + -7).
-4
What is the value of -1 + 1 - 3 - -11 - 2?
6
(14 - 13) + 1 + 3
5
What is the value of 0 + 0 + 0 - (12 - 13)?
1
Calculate -3 + (4 - (-1 + -2 + 7)).
-3
Calculate 8 + (-1 + -6 + 4 - 2).
3
What is -3 - 4 - 4 - -7?
-4
Evaluate (-50 - -47) + 0 + -2 + 5.
0
Calculate 3 + -7 + (-5 - -5).
-4
14 - (16 + -9) - 1
6
Evaluate -1 + 4 + (10 - 5 - 8).
0
Evaluate 5 + -13 + 13 - (-1 + 4).
2
What is -5 + -1 - (-4 - -2)?
-4
What is (6 - 0) + (-19 - -9)?
-4
What is the value of -2 + 2 + 1 + 5 + -6?
0
What is -5 - (6 - (-6 - -13))?
-4
What is 0 + (14 - 6) - 14?
-6
Evaluate -2 + 1 - 2 - -2 - 2.
-3
What is the value of -7 - -16 - (-6 + -1 - -10)?
6
Evaluate 7 + 2 + (-23 - -9).
-5
-8 - (-4 + 4 - (5 - 1))
-4
What is the value of 10 - (6 - (-11 + 5))?
-2
What is the value of 1 + 1 - (-3 - -4)?
1
Evaluate 0 + -2 + (1 - -1) - 2.
-2
What is -14 + 5 + 1 - -5?
-3
Evaluate -3 + 3 + 0 + 1.
1
Evaluate 23 + -17 - (2 + 6).
-2
6 + -5 + -4 + 10 + -5
2
Evaluate -3 + (9 - (5 + -1)) + 2.
4
What is the value of (7 - (1 - 0)) + (-8 - -4)?
2
What is (-1 - ((1 - -1) + -3)) + -3?
-3
Calculate (10 + -4 - 2) + (-10 - 0).
-6
0 + 1 + -3 + -3 + 4
-1
What is 3 + (4 - (-1 + 1) - 2)?
5
Evaluate 2 + (-1 - (6 + -6)).
1
Calculate 2 + 2 - (-3 + 8 - 5).
4
Evaluate -5 - (0 + 4 - 9).
0
Calculate 1 + 0 - (27 + -30).
4
Evaluate (0 - 4 - -1) + 5.
2
1 + 3 - (2 + -2)
4
What is -2 - -6 - (1 + (3 - -4))?
-4
What is -3 - -12 - (20 - 15)?
4
Evaluate 2 + (1 + (0 - -2) - 3).
2
What is the value of 6 - (0 - (2 - 5)) - 6?
-3
What is the value of 3 - (-1 - -4 - (-5 - -6))?
1
Calculate (4 - (3 + (1 - 3))) + -3.
0
Calculate -1 + 0 + 1 - (6 + -5).
-1
(0 - 1 - -1) + (-128 - -122)
-6
-6 - (-4 + -9 - -2)
5
Evaluate -3 - (-2 + (-5 - -7)).
-3
Evaluate -4 - (4 - 8 - 0).
0
-7 + (-9 - -12) + 13
9
-2 + (11 - 2) - (21 + -20)
6
1 - (-3 + 2) - (-1 - -3)
0
(1 - (8 - 16)) + -4
5
Evaluate (28 - 29) + 0 + 5.
4
Evaluate 1 + -10 + -5 + (7 - -3).
-4
Evaluate 7 + (-2 + -1 - (-40 - -46)).
-2
Calculate (24 + -16 - 13) + -1 + 13.
7
What is 1 + (-5 - -5 - 0)?
1
4 + (-6 - -9) - 10
-3
Calculate 2 + (-8 - -2) + 2.
-2
What is (1 - -1) + -4 + (9 - 2)?
5
Evaluate -3 + 1 - (6 + -3).
-5
Calculate -1 + (4 - 0) + (-5 - -3).
1
Evaluate -2 - -2 - (-4 + (11 - 4)).
-3
What is the value of -3 - 3 - (-3 + -12 + 3)?
6
What is (-7 - (-12 + 8)) + 8?
5
What is -4 + 1 - -7 - -3 - -4?
11
1 + (1 - (-2 - -2)) - 3
-1
What is 2 - 2 - (-10 + 5 + 5)?
0
What is 1 + -4 - (10 + -7 + -2)?
-4
Calculate -10 + (4 - 0) - -1.
-5
What is -10 + 8 + (7 - 5)?
0
Evaluate -8 - (-10 + 13) - -5.
-6
Calculate (28 - 7 - 8) + -11.
2
What is the value of -6 + 8 - (0 + -2 + 2)?
2
What is the value of 2 - -2 - (-1 + 6)?
-1
Evaluate 3 + (2 - -4) + (-12 - -4).
1
What is the value of (-6 - 2 - 11) + 13?
-6
Evaluate -1 + 8 + -9 + 2 + -5.
-5
Calculate 2 + 3 + -90 + 94.
9
Calculate 1 + (12 - 1) - (-3 - -10).
5
What is the value of -1 + 3 - (-11 - (9 - 21))?
1
12 + (14 - (7 + 29))
-10
Evaluate 7 + 0 - (87 + -86).
6
12 + -5 - (-1 + 4)
4
(-7 - (-9 + 6)) + 6
2
What is the value of -1 + 4 - (2 - 3) - 3?
1
Evaluate -1 - (0 - (0 + -3)).
-4
What is 2 + (0 - 3 - 1)?
-2
What is 4 + -9 - -7 - 0 - 4?
-2
What is the value of 1 + (-1 - -4 - 5) + -1?
-2
10 + -3 - (6 + -4 + 1)
4
Calculate -5 - -7 - (1 - 4).
5
3 + 1 - (-44 - -41) - 2
5
What is (-2 - (1 + 0)) + (3 - -1)?
1
3 + 4 + -1 + -4
2
Calculate -3 - (-1 + (-3 - -6)).
-5
(0 - -2) + 11 + (-7 - 2)
4
Evaluate (7 - 2) + -14 - -7.
-2
What is 0 + (1 - 10) + 4?
-5
Evaluate 3 - 0 - (-3 + 0).
6
Evaluate -3 - (2 + 3 + -2 + -2).
-4
1 + 0 - (-5 - -2)
4
Evaluate -3 - (-12 - (8 - 17)).
0
-22 + -1 + 8 - -8
-7
(-14 + (5 - 8) - -5) + 7
-5
What is (-8 - -12) + -17 - -9?
-4
What is the value of 7 + 4 + -19 - -11?
3
-34 + 29 + (-1 - 3)
-9
Calculate 25 + -7 - 5 - 6.
7
Evaluate (-10 - (-1 + -20)) + -2.
9
Calculate -4 + (0 - -4) + -1.
-1
Evaluate (4 - 5 - (1 + 2)) + 4.
0
Evaluate 5 + (-2 + 5 - 4) + -4.
0
Calculate 1 + 1 + 8 + -3.
7
What is -2 + 21 - 20 - (8 + 0)?
-9
0 - 1 - (44 + -45)
0
-5 + 2 + -8 + 10
-1
(-1 - (1 + 0 + -7)) + 0
5
Calculate (-3 - (-4 - -1)) + 4 + -1.
3
-2 + -3 + (-5 - -4) + 8
2
2 - (10 + -3) - (-2 + 1)
-4
What is 3 + (-12 - -8) + (1 - 0)?
0
-2 + 0 + 7 + (4 - 9)
0
What is the value of 24 - 22 - (4 + -1)?
-1
22 - 6 - (8 - -4)
4
(38 - 50) + 7 + 1
-4
Calculate -5 + 20 + -4 + -5.
6
Evaluate -4 - (-5 - (-4 - 2)).
-5
Calculate 1 - ((1 - 7) + 3).
4
What is the value of -1 + 0 + (2 - 1) + -5?
-5
What is the value of 1 + -7 + 3 + -1 + -2?
-6
What is -9 + 15 + -1 + -8?
-3
What is the value of -13 - (-21 - -8) - (0 + -3)?
3
Calculate 2 + (-2 - -6 - 0).
6
Calculate 1 + 4 + (-6 + 2 - -1).
2
-1 - -2 - (1 - 1)
1
What is 6 - (3 - ((3 - 4) + 3))?
5
Calculate (-93 - -91) + 5 + -1.
2
Evaluate -2 + 2 + -4 + 3 + -3.
-4
What is -7 + (11 - (-4 + 3)) - 3?
2
What is -9 + 11 + (15 - 15)?
2
Evaluate -101 + 107 - (-2 + 8).
0
Evaluate -11 + 11 - (-4 - -1).
3
Calculate 2 + (3 - (4 + 1)) - -2.
2
What is 14 + (-1 - 4) - 6?
3
Calculate (-9 - 3) + 9 - -1.
-2
What is the value of (-5 - -1) + (-1 - -9)?
4
What is 0 + -1 + 2 + 2?
3
Evaluate 7 - (1 + 3) - (-4 + 4).
3
Calculate 7 - 1 - (26 - 24) - 4.
0
Evaluate 6 + 8 + -6 + -1 + 3.
10
What is the value of 15 + -17 - (-3 - (-1 - -1))?
1
Calculate 0 + (0 + -1 + 0 - 2).
-3
What is the value of 1 + -4 + 7 + -1 - -1?
4
Evaluate 0 + 0 - (2 - (2 + -1)).
-1
Evaluate -292 - -298 - (15 - (0 - 1)).
-10
What is 6 + 1 + -13 + 5?
-1
Calculate (9 - (6 + -1) - 4) + 5.
5
What is the value of (-8 - -9 - (-2 + 0)) + 1?
4
What is -6 + 0 + (8 - 0)?
2
What is -2 - 2 - -1 - (-6 + 8)?
-5
What is the value of 3 - -3 - (-4 - (-6 - 0))?
4
Evaluate 4 + 3 - (19 - 17).
5
Evaluate -2 - -2 - (-1 - -4) - -7.
4
Evaluate -4 - ((-2 - 2) + -3) - 1.
2
What is the value of (-2 - -12) + (54 - 72)?
-8
What is the value of -1 + (-6 - -4) + 7 + -4?
0
(6 - 8) + 1 - -6
5
Evaluate (-2 - 1) + 3 + 2 + 6.
8
Calculate 3 + (-3 - (-3 - 2) - -1).
6
Calculate (5 - 6) + (-1 - -1).
-1
What is (-13 - (1 - 7)) + 15?
8
Calculate -2 - (1 - 3) - (5 + -2).
-3
What is (-4 - -1) + -3 - -5 - 4?
-5
What is -3 - -2 - (-1 + 4 - 0)?
-4
What is 8 - (-2 + 9 + -5 - -2)?
4
What is the value of 16 - 8 - (2 - 0)?
6
-13 + 8 + (-1 - -7 - 3)
-2
What is -13 - -17 - (-4 - -4)?
4
What is -16 - -22 - (5 + 0)?
1
-3 + (2 + 8 + -4 - 4)
-1
(1 + 0 - -1) + -14 + 11
-1
Evaluate -4 + (-1 + 11 - 4).
2
What is 12 + -14 - -1 - (-4 + -2)?
5
-9 - (-8 - 12) - 6
5
Evaluate (11 - 8) + -5 - (0 - 3).
1
Calculate -2 + (-9 + 0 - -1).
-10
1 - (-3 + (5 - 1))
0
Evaluate (-8 - -5) + (-2 - -4 - 3).
-4
What is the value of -41 + 38 + (6 - -1)?
4
What is 11 - 12 - (-4 + 9)?
-6
What is the value of (-10 - -3) + 3 + 1 - -4?
1
Calculate 6 + -11 + (-9 - -9).
-5
What is the value of 3 - 0 - ((-2 - -10) + -3)?
-2
What is the value of -2 - (-2 + 1 + 4 - 0)?
-5
Calculate -3 - (-2 + -2 - (0 - 5)).
-4
What is the value of 99 + -105 - (1 - 0)?
-7
Evaluate 0 - 7 - (-3 + -1).
-3
Calculate -5 + (4 - 1 - -6) - -1.
5
What is (0 - 1) + 5 - (0 - -2)?
2
6 + -3 + -13 + 8 + -1
-3
What is (-52 - -39) + (7 - 1)?
-7
What is (4 - (-1 + -1)) + -3?
3
What is the value of 0 + -4 + -12 + (-7 - -23)?
0
0 + -7 - (-14 - -8)
-1
What is the value of (-18 - -15) + 